s the greatest common factor of 52 and 221?
13
Calculate the highest common factor of 425 and 675.
25
What is the highest common divisor of 14 and 278?
2
Calculate the greatest common divisor of 258 and 204.
6
What is the highest common factor of 790 and 30?
10
Calculate the highest common factor of 506 and 2904.
22
Calculate the highest common divisor of 1938 and 42.
6
What is the highest common divisor of 29 and 145?
29
Calculate the highest common factor of 6 and 642.
6
Calculate the greatest common factor of 160 and 240.
80
What is the highest common factor of 86 and 4?
2
What is the highest common divisor of 80 and 640?
80
What is the greatest common divisor of 6515 and 20?
5
What is the greatest common factor of 1804 and 1312?
164
What is the greatest common divisor of 253 and 22?
11
What is the highest common divisor of 9 and 639?
9
Calculate the greatest common divisor of 70 and 1407.
7
Calculate the greatest common divisor of 352 and 33.
11
Calculate the highest common factor of 11 and 352.
11
What is the highest common divisor of 156 and 48?
12
Calculate the greatest common factor of 7 and 56.
7
Calculate the highest common divisor of 2 and 22.
2
Calculate the highest common divisor of 206 and 12.
2
What is the highest common divisor of 4370 and 10?
10
Calculate the greatest common divisor of 2622 and 228.
114
Calculate the greatest common divisor of 101 and 101.
101
Calculate the highest common factor of 160 and 85.
5
What is the greatest common factor of 48 and 21?
3
Calculate the greatest common factor of 4656 and 624.
48
What is the highest common factor of 27 and 35181?
27
Calculate the greatest common divisor of 38 and 494.
38
What is the highest common divisor of 4 and 36?
4
What is the highest common divisor of 140 and 80?
20
What is the highest common factor of 190 and 17955?
95
What is the highest common divisor of 3159 and 195?
39
What is the greatest common divisor of 11 and 1243?
11
What is the greatest common factor of 515 and 5?
5
What is the greatest common divisor of 1356 and 12?
12
What is the highest common divisor of 4000 and 750?
250
Calculate the greatest common divisor of 696 and 48.
24
Calculate the greatest common divisor of 1937 and 52.
13
Calculate the greatest common divisor of 187 and 119.
17
What is the highest common factor of 14 and 266?
14
What is the greatest common factor of 6 and 57?
3
Calculate the greatest common factor of 767 and 177.
59
Calculate the highest common factor of 429 and 741.
39
Calculate the highest common divisor of 63 and 27.
9
Calculate the highest common factor of 53 and 3604.
53
What is the highest common divisor of 100 and 4300?
100
What is the highest common factor of 507 and 234?
39
What is the greatest common divisor of 240 and 105?
15
What is the highest common divisor of 6 and 712?
2
What is the greatest common divisor of 3 and 7?
1
What is the greatest common factor of 42 and 1029?
21
What is the highest common factor of 153 and 17?
17
Calculate the greatest common factor of 393 and 3799.
131
Calculate the highest common divisor of 208 and 39.
13
Calculate the highest common factor of 52 and 78.
26
Calculate the highest common factor of 1773 and 54.
9
What is the greatest common factor of 282 and 6?
6
What is the highest common divisor of 318 and 18?
6
Calculate the greatest common divisor of 162 and 9882.
162
What is the highest common divisor of 5 and 5?
5
What is the greatest common factor of 45 and 95?
5
Calculate the highest common divisor of 2538 and 234.
18
Calculate the greatest common factor of 796 and 5771.
199
What is the greatest common factor of 8 and 4124?
4
Calculate the highest common factor of 2457 and 1512.
189
Calculate the greatest common divisor of 725 and 58.
29
What is the highest common factor of 7785 and 45?
45
What is the highest common divisor of 253 and 77?
11
What is the highest common divisor of 22244 and 134?
134
Calculate the highest common factor of 7347 and 79.
79
What is the highest common factor of 6 and 18?
6
What is the highest common divisor of 795 and 106?
53
What is the highest common factor of 744 and 216?
24
What is the highest common factor of 286 and 66?
22
What is the highest common factor of 19 and 477?
1
What is the highest common divisor of 133 and 71953?
133
What is the highest common divisor of 320 and 145?
5
Calculate the greatest common divisor of 37 and 15.
1
What is the highest common divisor of 256 and 8?
8
Calculate the highest common divisor of 105 and 280.
35
Calculate the greatest common factor of 4 and 176.
4
Calculate the highest common divisor of 21 and 15.
3
What is the highest common factor of 18 and 10935?
9
Calculate the greatest common factor of 126 and 2898.
126
Calculate the greatest common divisor of 88 and 209.
11
Calculate the greatest common factor of 6009 and 6.
3
What is the greatest common factor of 3984 and 18?
6
What is the highest common factor of 248 and 155?
31
What is the highest common divisor of 1551 and 423?
141
What is the highest common factor of 2384 and 16?
16
Calculate the highest common factor of 36 and 2466.
18
Calculate the greatest common divisor of 832 and 468.
52
What is the highest common divisor of 187 and 85?
17
Calculate the highest common divisor of 18 and 819.
9
What is the greatest common divisor of 966 and 336?
42
What is the greatest common factor of 470 and 282?
94
Calculate the greatest common factor of 7020 and 65.
65
What is the greatest common divisor of 698 and 16403?
349
Calculate the greatest common divisor of 63 and 576.
9
What is the highest common factor of 33 and 1947?
33
Calculate the highest common factor of 1771 and 308.
77
What is the highest common divisor of 385 and 550?
55
What is the greatest common divisor of 76 and 38?
38
What is the highest common factor of 4948 and 8?
4
Calculate the greatest common factor of 7 and 175.
7
Calculate the highest common divisor of 531 and 118.
59
What is the highest common divisor of 78 and 858?
78
What is the highest common factor of 3672 and 34?
34
Calculate the highest common divisor of 627 and 33.
33
Calculate the highest common divisor of 54 and 7074.
54
What is the greatest common divisor of 2 and 656?
2
Calculate the greatest common divisor of 949 and 146.
73
Calculate the highest common factor of 3819 and 57.
57
What is the greatest common factor of 140 and 17500?
140
What is the highest common divisor of 21 and 651?
21
What is the highest common factor of 140 and 620?
20
What is the highest common factor of 144 and 18?
18
What is the greatest common factor of 48 and 35184?
48
What is the greatest common factor of 195 and 1014?
39
Calculate the greatest common factor of 22 and 1606.
22
Calculate the highest common divisor of 3 and 2928.
3
Calculate the greatest common factor of 3450 and 138.
138
Calculate the greatest common factor of 138 and 6.
6
What is the highest common divisor of 19 and 3116?
19
Calculate the highest common divisor of 3977 and 779.
41
What is the highest common divisor of 6 and 14112?
6
What is the greatest common divisor of 3179 and 11?
11
What is the highest common divisor of 34 and 170?
34
Calculate the highest common factor of 1911 and 98.
49
Calculate the highest common factor of 100 and 17150.
50
Calculate the greatest common divisor of 115 and 215.
5
What is the greatest common divisor of 10127 and 39?
13
Calculate the highest common factor of 40 and 1780.
20
What is the highest common factor of 287 and 231?
7
Calculate the highest common factor of 76 and 5966.
38
Calculate the greatest common factor of 372 and 12.
12
What is the greatest common divisor of 187 and 44?
11
Calculate the greatest common factor of 3704 and 16.
8
What is the highest common divisor of 472 and 16?
8
What is the greatest common divisor of 7 and 1?
1
What is the greatest common factor of 20 and 3460?
20
Calculate the highest common divisor of 483 and 168.
21
What is the greatest common divisor of 10051 and 228?
19
What is the greatest common divisor of 342 and 18?
18
Calculate the greatest common factor of 456 and 1425.
57
Calculate the highest common factor of 1572 and 6.
6
Calculate the greatest common divisor of 144 and 336.
48
What is the highest common factor of 1632 and 51?
51
What is the h